lculate the highest common divisor of 47 and 27871.
47
What is the greatest common factor of 984 and 6437?
41
Calculate the highest common divisor of 447350 and 4025.
575
Calculate the highest common divisor of 8675 and 54132.
347
What is the greatest common factor of 1938210 and 345?
345
What is the greatest common factor of 1225 and 19355?
245
Calculate the greatest common factor of 28689 and 584.
73
Calculate the highest common factor of 9798 and 276.
138
What is the greatest common divisor of 5 and 14550?
5
Calculate the greatest common factor of 111 and 244200.
111
Calculate the greatest common divisor of 9360 and 1580.
20
What is the greatest common factor of 31211 and 236?
59
What is the highest common divisor of 167 and 1028553?
167
Calculate the greatest common factor of 396 and 19476.
36
What is the highest common divisor of 137 and 468540?
137
Calculate the greatest common divisor of 91780 and 353.
353
What is the highest common divisor of 141526 and 11028?
1838
Calculate the highest common divisor of 884 and 12324.
52
What is the greatest common divisor of 602 and 4257?
43
What is the greatest common divisor of 3264 and 11936?
32
Calculate the greatest common divisor of 10712 and 260.
52
Calculate the highest common factor of 3512 and 44.
4
What is the highest common factor of 4940 and 1300?
260
Calculate the highest common divisor of 691586 and 98.
98
Calculate the highest common divisor of 14732 and 464.
116
Calculate the greatest common divisor of 1216 and 16704.
64
Calculate the greatest common divisor of 32 and 65536.
32
What is the greatest common factor of 1331 and 42229?
121
Calculate the highest common divisor of 55 and 8291.
1
Calculate the highest common factor of 1180 and 26255.
295
What is the highest common divisor of 6 and 18458?
2
What is the highest common divisor of 300 and 1304475?
75
What is the highest common factor of 232 and 71746?
58
Calculate the greatest common divisor of 7984 and 8712.
8
Calculate the greatest common factor of 27459 and 486.
243
What is the highest common factor of 1456 and 23856?
112
What is the highest common factor of 16464 and 5040?
336
What is the greatest common divisor of 765 and 29790?
45
Calculate the greatest common divisor of 318 and 190.
2
What is the highest common divisor of 65665 and 28865?
115
Calculate the highest common factor of 35988 and 5292.
12
What is the greatest common factor of 206304 and 28896?
672
What is the highest common factor of 217 and 15221?
31
What is the highest common divisor of 342 and 9994?
38
What is the greatest common factor of 52 and 189202?
26
Calculate the greatest common divisor of 1236 and 19764.
12
Calculate the highest common divisor of 1162 and 274398.
166
Calculate the greatest common factor of 1160 and 15380.
20
Calculate the highest common divisor of 1 and 983.
1
What is the highest common factor of 77 and 18535?
11
What is the greatest common factor of 8760 and 2760?
120
Calculate the greatest common divisor of 3220 and 133745.
115
What is the greatest common divisor of 578 and 34391?
289
What is the greatest common divisor of 4144 and 15664?
16
What is the greatest common factor of 2296 and 56?
56
What is the greatest common divisor of 540 and 75870?
270
Calculate the greatest common factor of 112 and 642404.
28
Calculate the highest common divisor of 112523 and 153.
17
What is the highest common divisor of 131310 and 30?
30
Calculate the highest common factor of 21306 and 3021.
159
Calculate the highest common factor of 6642 and 52578.
18
Calculate the highest common factor of 128 and 38912.
128
Calculate the greatest common divisor of 2808027 and 81.
81
What is the greatest common divisor of 2 and 6722?
2
What is the greatest common factor of 78708 and 84?
84
What is the highest common factor of 78621 and 1752?
219
What is the greatest common divisor of 953575 and 2?
1
Calculate the greatest common divisor of 273 and 90447.
21
Calculate the highest common divisor of 5397 and 2058.
21
Calculate the greatest common factor of 10595 and 78.
13
What is the highest common divisor of 2943 and 9156?
327
What is the greatest common factor of 12001 and 220?
11
Calculate the greatest common divisor of 25511 and 1067.
97
What is the greatest common factor of 11 and 8866044?
11
Calculate the highest common factor of 1025415 and 45.
45
What is the highest common divisor of 12993 and 2196?
183
Calculate the greatest common divisor of 19 and 126559.
19
Calculate the highest common divisor of 15635 and 17755.
265
Calculate the greatest common factor of 2 and 48654.
2
What is the greatest common divisor of 8122 and 13392?
62
Calculate the highest common factor of 540 and 118080.
180
What is the highest common divisor of 36 and 41382?
18
Calculate the highest common divisor of 186 and 42005.
31
What is the highest common factor of 132 and 1571928?
12
What is the highest common divisor of 115 and 575805?
115
Calculate the greatest common divisor of 194909 and 26.
13
What is the greatest common divisor of 15471 and 14013?
81
What is the highest common factor of 6818 and 994?
14
Calculate the greatest common factor of 1530 and 2610.
90
Calculate the greatest common divisor of 897 and 276.
69
What is the greatest common factor of 8300 and 11288?
332
What is the highest common divisor of 33 and 1832281?
11
What is the greatest common factor of 78 and 87477?
39
Calculate the greatest common divisor of 1123260 and 120.
60
Calculate the highest common divisor of 45 and 5046885.
45
What is the greatest common divisor of 64 and 10296?
8
Calculate the highest common divisor of 2743 and 4853.
211
What is the greatest common factor of 162 and 396972?
18
Calculate the highest common divisor of 15203 and 46.
23
Calculate the highest common factor of 94 and 153878.
94
Calculate the highest common divisor of 115950 and 13350.
150
Calculate the greatest common factor of 2471 and 135199.
353
What is the highest common divisor of 71010 and 270?
270
Calculate the highest common factor of 356531 and 1961.
53
Calculate the highest common factor of 339352 and 52.
52
What is the greatest common divisor of 269793 and 1116?
279
Calculate the greatest common factor of 1410 and 1770.
30
Calculate the highest common factor of 30 and 1526330.
10
What is the greatest common factor of 164 and 8069702?
82
What is the greatest common divisor of 17922 and 36?
6
Calculate the greatest common divisor of 360 and 1255920.
120
What is the highest common factor of 280 and 1904?
56
What is the highest common divisor of 3376 and 7120?
16
Calculate the greatest common divisor of 564 and 130660.
188
Calculate the greatest common factor of 1012329 and 18.
9
Calculate the greatest common divisor of 120727 and 8671.
667
What is the highest common divisor of 7 and 17827?
1
Calculate the highest common factor of 639 and 9414.
9
What is the greatest common factor of 22559 and 3417?
17
Calculate the highest common divisor of 456 and 869592.
456
Calculate the greatest common factor of 2080958 and 484.
242
Calculate the highest common factor of 1836 and 1411.
17
Calculate the greatest common divisor of 8503 and 11.
11
Calculate the highest common factor of 90 and 11598.
6
What is the greatest common divisor of 190066 and 339?
113
Calculate the highest common divisor of 169775 and 10.
5
What is the highest common factor of 17582 and 15930?
118
Calculate the greatest common factor of 6747 and 1638.
39
What is the highest common factor of 45460 and 20?
20
What is the greatest common divisor of 6383 and 76105?
491
What is the greatest common factor of 8052 and 176?
44
What is the greatest common divisor of 709042 and 2382?
794
Calculate the highest common divisor of 40 and 22780.
20
What is the highest common factor of 66103 and 1?
1
Calculate the highest common factor of 9 and 9335538.
9
Calculate the greatest common factor of 78 and 5299658.
26
What is the greatest common factor of 15 and 627525?
15
What is the greatest common factor of 12616 and 16?
8
Calculate the greatest common factor of 24221 and 159.
53
What is the greatest common divisor of 10660 and 364?
52
What is the greatest common divisor of 2392650 and 54?
18
Calculate the highest common divisor of 174 and 49648.
58
What is the greatest c